{"id":10,"date":"2011-12-01T23:44:51","date_gmt":"2011-12-01T23:44:51","guid":{"rendered":"http:\/\/www.michelinebail.com\/?page_id=10"},"modified":"2015-04-01T13:51:49","modified_gmt":"2015-04-01T13:51:49","slug":"qui-est-frontenac","status":"publish","type":"page","link":"https:\/\/www.michelinebail.com\/?page_id=10","title":{"rendered":"Frontenac"},"content":{"rendered":"<h1 style=\"text-align: justify;\">Qui est Frontenac?<\/h1>\n<p style=\"text-align: justify;\">Louis de Buade, comte de Frontenac, est un courtisan et un militaire de carri\u00e8re de haute noblesse fran\u00e7aise, qui a occup\u00e9 le poste de vice-roi et de gouverneur g\u00e9n\u00e9ral du Canada de 1672 \u00e0 1682, et de 1689 \u00e0 1698, date de sa mort. Louis XIV le renvoie en Nouvelle-France en 1689, au moment o\u00f9 \u00e9clate en Europe la guerre de la ligue d\u2019Augsbourg.<\/p>\n<p style=\"text-align: justify;\">Une des figures les plus turbulentes et les plus influentes de l\u2019histoire du Canada, Frontenac est surtout connu comme l\u2019architecte de l\u2019expansion fran\u00e7aise en Am\u00e9rique du Nord, le d\u00e9fenseur de la Nouvelle-France contre les attaques de la conf\u00e9d\u00e9ration iroquoise et des colonies anglaises. Il est consid\u00e9r\u00e9 par certains historiens comme le principal artisan de la Grande Paix de Montr\u00e9al de 1701. En presque vingt ans d\u2019administration, il a profond\u00e9ment marqu\u00e9 son\u00a0\u00e9poque.<\/p>\n<h2 style=\"text-align: justify;\">Frontenac, tome 1 \u2013 La tourmente<\/h2>\n<div id=\"attachment_20\" style=\"width: 210px\" class=\"wp-caption alignleft\"><img aria-describedby=\"caption-attachment-20\" decoding=\"async\" loading=\"lazy\" class=\"size-medium wp-image-20\" title=\"Frontenac - Tome 1\" src=\"http:\/\/www.michelinebail.com\/wp-content\/uploads\/2011\/12\/Frontenac_C1-200x300.jpg\" alt=\"Frontenac - Tome 1\" width=\"200\" height=\"300\" srcset=\"https:\/\/www.michelinebail.com\/wp-content\/uploads\/2011\/12\/Frontenac_C1-200x300.jpg 200w, https:\/\/www.michelinebail.com\/wp-content\/uploads\/2011\/12\/Frontenac_C1.jpg 450w\" sizes=\"(max-width: 200px) 100vw, 200px\" \/><p id=\"caption-attachment-20\" class=\"wp-caption-text\">Frontenac - Tome 1<\/p><\/div>\n<p style=\"text-align: justify;\">1689. Le comte de Frontenac revient au Canada \u00e0 titre de gouverneur g\u00e9n\u00e9ral. Le massacre de Lachine vient de se produire et cet \u00e9v\u00e9nement marque le d\u00e9but d\u2019une s\u00e9rie d\u2019attaques iroquoises sanglantes qui dureront douze ans. Il s\u2019agit d\u2019une lutte incessante pour le contr\u00f4le du territoire et du commerce des fourrures entre, d\u2019un c\u00f4t\u00e9, les Canadiens et leurs alli\u00e9s autochtones, et de l\u2019autre, les cinq tribus iroquoises, arm\u00e9es par les colonies anglaises.<\/p>\n<p style=\"text-align: justify;\">Frontenac tentera par tous les moyens de garantir la paix \u00e0 sa colonie en cr\u00e9ant une alliance avec les nations indiennes. Il met sur pied des commandos pour repousser les Iroquois et lance trois raids de repr\u00e9sailles contre des villages situ\u00e9s \u00e0 la fronti\u00e8re de la Nouvelle-Angleterre. Les Canadiens m\u00e8neront une v\u00e9ritable gu\u00e9rilla! Frontenac les poussera \u00e0 d\u00e9border leurs fronti\u00e8res pour rayonner sur un territoire grand comme un continent, et \u00e0 tisser avec les\u00a0autochtones un vaste r\u00e9seau d\u2019alliances politiques, commerciales et militaires.<\/p>\n<p style=\"text-align: justify;\">Tout au long du r\u00e9cit, le lecteur voit \u00e9voluer un homme haut en couleur, ambitieux, excessif, fantasque au point de tenir t\u00eate au roi quand une directive lui semble aller \u00e0 l\u2019encontre de ses int\u00e9r\u00eats ou de ceux de la colonie. Mais il ne s\u2019agit pas du roman d\u2019un seul homme.<\/p>\n<p style=\"text-align: justify;\">Diff\u00e9rents personnages bien connus des historiens y gravitent aussi : l\u2019intendant Champigny, le gouverneur Calli\u00e8res, monseigneur de Saint-Vallier, Pierre Lemoyne d\u2019Iberville, etc.<\/p>\n<p><a href=\"http:\/\/www.editionshurtubise.com\/catalogue\/1753.html\" target=\"_blank\"><img decoding=\"async\" loading=\"lazy\" class=\"alignright size-full wp-image-113\" title=\"lireunextrait\" src=\"http:\/\/www.michelinebail.com\/wp-content\/uploads\/2015\/03\/lireunextrait.jpg\" alt=\"\" width=\"90\" height=\"30\" \/><\/a><\/p>\n<h2 style=\"text-align: justify;\">Frontenac, tome 2 \u2013 L\u2019embellie<\/h2>\n<div id=\"attachment_22\" style=\"width: 208px\" class=\"wp-caption alignleft\"><img aria-describedby=\"caption-attachment-22\" decoding=\"async\" loading=\"lazy\" class=\"size-medium wp-image-22\" title=\"Frontenac - Tome 2\" src=\"http:\/\/www.michelinebail.com\/wp-content\/uploads\/2011\/12\/Frontenac_C2-198x300.jpg\" alt=\"Frontenac - Tome 2\" width=\"198\" height=\"300\" srcset=\"https:\/\/www.michelinebail.com\/wp-content\/uploads\/2011\/12\/Frontenac_C2-198x300.jpg 198w, https:\/\/www.michelinebail.com\/wp-content\/uploads\/2011\/12\/Frontenac_C2.jpg 200w\" sizes=\"(max-width: 198px) 100vw, 198px\" \/><p id=\"caption-attachment-22\" class=\"wp-caption-text\">Frontenac - Tome 2<\/p><\/div>\n<p style=\"text-align: justify;\">1694. Ce second tome relate la suite et la fin de la lutte sans merci men\u00e9e par les Canadiens et leurs alli\u00e9s autochtones pour \u00e9chapper aux men\u00e9es anglo-iroquoises destin\u00e9es \u00e0 bouter la Nouvelle-France \u00e0 la mer et \u00e0 prendre le contr\u00f4le de son r\u00e9seau commercial.<\/p>\n<p style=\"text-align: justify;\">Pour forcer ses ennemis \u00e0 accepter une paix g\u00e9n\u00e9rale, Frontenac n\u2019h\u00e9sitera pas \u00e0 envahir deux fois les territoires iroquois. De plus, \u00e0 76 ans, il aura l\u2019audace de mener 2500 hommes pour assi\u00e9ger Onontagu\u00e9, la capitale iroquoise. L\u2019exp\u00e9dition est un succ\u00e8s! \u00c0 son retour \u00e0 Qu\u00e9bec, il apprend toutefois que le roi lui commande de fermer les postes de traite. La d\u00e9cision est si mena\u00e7ante pour l\u2019avenir de la colonie que Frontenac d\u00e9sob\u00e9it une fois de plus, bient\u00f4t appuy\u00e9\u00a0par l\u2019intendant, le gouverneur de Montr\u00e9al et l\u2019ensemble des officiers.<\/p>\n<p style=\"text-align: justify;\">Sur le plan personnel, Frontenac a vieilli et est d\u00e9sillusionn\u00e9. Il meurt d\u2019une crise d\u2019asthme \u00e0 Qu\u00e9bec en 1698, sans avoir eu le temps de finaliser ses projets de pacification. Calli\u00e8res le remplace comme vice-roi et gouverneur g\u00e9n\u00e9ral du Canada. Trois ans plus tard, en 1701, la Grande Paix est enfin ent\u00e9rin\u00e9e : une alliance exceptionnelle entre 40 nations indiennes et la Nouvelle\u2013France.<\/p>\n<p><a href=\"http:\/\/www.editionshurtubise.com\/catalogue\/2013.html\" target=\"_blank\"><img decoding=\"async\" loading=\"lazy\" class=\"alignright size-full wp-image-113\" title=\"lireunextrait\" src=\"http:\/\/www.michelinebail.com\/wp-content\/uploads\/2015\/03\/lireunextrait.jpg\" alt=\"\" width=\"90\" height=\"30\" \/><\/a><\/p>\n","protected":false},"excerpt":{"rendered":"<p>Qui est Frontenac? Louis de Buade, comte de Frontenac, est un courtisan et un militaire de carri\u00e8re de haute noblesse fran\u00e7aise, qui a occup\u00e9 le poste de vice-roi et de gouverneur g\u00e9n\u00e9ral du Canada de 1672 \u00e0 1682, et de 1689 \u00e0 1698, date de sa mort. Louis XIV le renvoie en Nouvelle-France en 1689, [&hellip;]<\/p>\n","protected":false},"author":1,"featured_media":0,"parent":0,"menu_order":2,"comment_status":"open","ping_status":"open","template":"onecolumn-page.php","meta":[],"_links":{"self":[{"href":"https:\/\/www.michelinebail.com\/index.php?rest_route=\/wp\/v2\/pages\/10"}],"collection":[{"href":"https:\/\/www.michelinebail.com\/index.php?rest_route=\/wp\/v2\/pages"}],"about":[{"href":"https:\/\/www.michelinebail.com\/index.php?rest_route=\/wp\/v2\/types\/page"}],"author":[{"embeddable":true,"href":"https:\/\/www.michelinebail.com\/index.php?rest_route=\/wp\/v2\/users\/1"}],"replies":[{"embeddable":true,"href":"https:\/\/www.michelinebail.com\/index.php?rest_route=%2Fwp%2Fv2%2Fcomments&post=10"}],"version-history":[{"count":12,"href":"https:\/\/www.michelinebail.com\/index.php?rest_route=\/wp\/v2\/pages\/10\/revisions"}],"predecessor-version":[{"id":12,"href":"https:\/\/www.michelinebail.com\/index.php?rest_route=\/wp\/v2\/pages\/10\/revisions\/12"}],"wp:attachment":[{"href":"https:\/\/www.michelinebail.com\/index.php?rest_route=%2Fwp%2Fv2%2Fmedia&parent=10"}],"curies":[{"name":"wp","href":"https:\/\/api.w.org\/{rel}","templated":true}]}}